{"id":1584,"date":"2015-07-29T12:29:31","date_gmt":"2015-07-29T12:29:31","guid":{"rendered":"http:\/\/www.pdi.uema.br\/?page_id=1584"},"modified":"2015-07-29T12:40:36","modified_gmt":"2015-07-29T12:40:36","slug":"materiais-de-consulta","status":"publish","type":"page","link":"https:\/\/www.pdi.uema.br\/?page_id=1584","title":{"rendered":"Materiais de Consulta"},"content":{"rendered":"<p><a class=\"btn btn-block btn-default\" href=\"http:\/\/www.pdi.uema.br\/wp-content\/uploads\/2015\/07\/Comiss\u00e3o-Tem\u00e1tica-III-Corpo-T\u00e9cnico-Administrativo.pdf\" target=\"_blank\">Comiss\u00e3o Tem\u00e1tica III &#8211; Corpo T\u00e9cnico Administrativo<\/a><\/p>\n","protected":false},"excerpt":{"rendered":"<p>Comiss\u00e3o Tem\u00e1tica III &#8211; Corpo T\u00e9cnico Administrativo<\/p>\n","protected":false},"author":2,"featured_media":0,"parent":288,"menu_order":0,"comment_status":"open","ping_status":"open","template":"","meta":{"footnotes":""},"class_list":["post-1584","page","type-page","status-publish"],"_links":{"self":[{"href":"https:\/\/www.pdi.uema.br\/index.php?rest_route=\/wp\/v2\/pages\/1584","targetHints":{"allow":["GET"]}}],"collection":[{"href":"https:\/\/www.pdi.uema.br\/index.php?rest_route=\/wp\/v2\/pages"}],"about":[{"href":"https:\/\/www.pdi.uema.br\/index.php?rest_route=\/wp\/v2\/types\/page"}],"author":[{"embeddable":true,"href":"https:\/\/www.pdi.uema.br\/index.php?rest_route=\/wp\/v2\/users\/2"}],"replies":[{"embeddable":true,"href":"https:\/\/www.pdi.uema.br\/index.php?rest_route=%2Fwp%2Fv2%2Fcomments&post=1584"}],"version-history":[{"count":4,"href":"https:\/\/www.pdi.uema.br\/index.php?rest_route=\/wp\/v2\/pages\/1584\/revisions"}],"predecessor-version":[{"id":1602,"href":"https:\/\/www.pdi.uema.br\/index.php?rest_route=\/wp\/v2\/pages\/1584\/revisions\/1602"}],"up":[{"embeddable":true,"href":"https:\/\/www.pdi.uema.br\/index.php?rest_route=\/wp\/v2\/pages\/288"}],"wp:attachment":[{"href":"https:\/\/www.pdi.uema.br\/index.php?rest_route=%2Fwp%2Fv2%2Fmedia&parent=1584"}],"curies":[{"name":"wp","href":"https:\/\/api.w.org\/{rel}","templated":true}]}}