{"id":3723,"date":"2016-06-23T17:01:25","date_gmt":"2016-06-23T17:01:25","guid":{"rendered":"http:\/\/www.pdi.uema.br\/?page_id=3723"},"modified":"2022-03-22T14:02:08","modified_gmt":"2022-03-22T14:02:08","slug":"pga-estrategico","status":"publish","type":"page","link":"https:\/\/www.pdi.uema.br\/?page_id=3723","title":{"rendered":"PGA Estrat\u00e9gico"},"content":{"rendered":"<h3>O QUE \u00c9?<\/h3>\n<p>O PGA Estrat\u00e9gico \u00e9 um recorte anual do Plano de Desenvolvimento Institucional (PDI), que baliza a execu\u00e7\u00e3o or\u00e7ament\u00e1ria financeira da Uema, bem como os seus planos de a\u00e7\u00e3o. Este documento, elaborado de forma colaborativa junto com a Reitoria, Pr\u00f3-Reitorias e Divis\u00f5es estrat\u00e9gicas, facilitar\u00e1 o acompanhamento dos Projetos Estrat\u00e9gicos, metas e objetivos propostos no PDI, possibilitando com que a Universidade cumpra com sua miss\u00e3o institucional.<\/p>\n<h3>\u00a0O PGA ESTRAT\u00c9GICO DEVE SER ELABORADO DE ACORDO COM A SEGUINTE ESTRUTURA:<\/h3>\n<p>Os Projetos\u00a0 Estrat\u00e9gicos aprovados no PDI, ser\u00e3o detalhados por meio de planos de a\u00e7\u00e3o elaborados pelas respectivas Unidades respons\u00e1veis, agrupados conforme os seguintes eixos tem\u00e1ticos:<\/p>\n<ul>\n<li>Projeto\u00a0Pedag\u00f3gico Institucional<\/li>\n<li>Plano de Oferta de Cursos;<\/li>\n<li>Pol\u00edtica de Atendimento ao Discente;<\/li>\n<li>Corpo Docente e Corpo T\u00e9cnico-Administrativo;<\/li>\n<li>Organiza\u00e7\u00e3o Administrativa;<\/li>\n<li>Infraestrutura e Instala\u00e7\u00f5es;<\/li>\n<li>Capacidade e Sustentabilidade Financeira;<\/li>\n<li>Avalia\u00e7\u00e3o e Acompanhamento do Desenvolvimento Institucional.<\/li>\n<\/ul>\n<h3 style=\"text-align: center;\"><\/h3>\n<h3 style=\"text-align: center;\"><strong>CICLO DE GEST\u00c3O DO PDI<\/strong><\/h3>\n<h3 style=\"text-align: center;\">\u00a0<a href=\"https:\/\/www.pdi.uema.br\/wp-content\/uploads\/2016\/06\/Colorful-Process-Pie-Chart-3.png\"><img loading=\"lazy\" decoding=\"async\" class=\"alignnone wp-image-5092 size-medium\" src=\"https:\/\/www.pdi.uema.br\/wp-content\/uploads\/2016\/06\/Colorful-Process-Pie-Chart-3-e1647957711560-294x300.png\" alt=\"Colorful Process Pie Chart (3)\" width=\"294\" height=\"300\" srcset=\"https:\/\/www.pdi.uema.br\/wp-content\/uploads\/2016\/06\/Colorful-Process-Pie-Chart-3-e1647957711560-294x300.png 294w, https:\/\/www.pdi.uema.br\/wp-content\/uploads\/2016\/06\/Colorful-Process-Pie-Chart-3-e1647957711560-1005x1024.png 1005w, https:\/\/www.pdi.uema.br\/wp-content\/uploads\/2016\/06\/Colorful-Process-Pie-Chart-3-e1647957711560-50x50.png 50w, https:\/\/www.pdi.uema.br\/wp-content\/uploads\/2016\/06\/Colorful-Process-Pie-Chart-3-e1647957711560-24x24.png 24w, https:\/\/www.pdi.uema.br\/wp-content\/uploads\/2016\/06\/Colorful-Process-Pie-Chart-3-e1647957711560-36x36.png 36w, https:\/\/www.pdi.uema.br\/wp-content\/uploads\/2016\/06\/Colorful-Process-Pie-Chart-3-e1647957711560-48x48.png 48w, https:\/\/www.pdi.uema.br\/wp-content\/uploads\/2016\/06\/Colorful-Process-Pie-Chart-3-e1647957711560.png 2019w\" sizes=\"auto, (max-width: 294px) 100vw, 294px\" \/><\/a><\/h3>\n<p>O ciclo de gest\u00e3o da Uema se inicia com a elabora\u00e7\u00e3o do PDI, documento que representa o Planejamento Estrat\u00e9gico de longo prazo da Institui\u00e7\u00e3o. A partir deste, faz-se um recorte anual dos Projetos Estrat\u00e9gicos, mediante planos de a\u00e7\u00e3o que ir\u00e3o compor o PGA Estrat\u00e9gico. Paralelamente, e com base em indicadores de desempenho, os Campus, Centros de Estudos Superiores constroem seus planos de a\u00e7\u00e3o que ir\u00e3o compor o PGA T\u00e1tico. Estes dois documentos facilitam o acompanhamento do desenvolvimento institucional, assim como fornecem as informa\u00e7\u00f5es necess\u00e1rias para a elabora\u00e7\u00e3o dos or\u00e7amentos anuais da Universidade. Este ciclo se encerra com a avalia\u00e7\u00e3o e retroalimenta\u00e7\u00e3o do PDI, no momento em que ajustes e reformula\u00e7\u00f5es s\u00e3o incorporadas ao Plano. Desta forma, o ciclo de gest\u00e3o da Uema possibilita que os gestores redirecionem os esfor\u00e7os\u00a0 para o cumprimento da sua miss\u00e3o institucional.<\/p>\n","protected":false},"excerpt":{"rendered":"<p>O QUE \u00c9? O PGA Estrat\u00e9gico \u00e9 um recorte anual do Plano de Desenvolvimento Institucional (PDI), que baliza a execu\u00e7\u00e3o or\u00e7ament\u00e1ria financeira da Uema, bem como os seus planos de a\u00e7\u00e3o. Este documento, elaborado de forma colaborativa junto com a Reitoria, Pr\u00f3-Reitorias e Divis\u00f5es estrat\u00e9gicas, facilitar\u00e1 o acompanhamento dos Projetos Estrat\u00e9gicos, metas e objetivos propostos<\/p>\n<div class=\"read-more\"><a href=\"https:\/\/www.pdi.uema.br\/?page_id=3723\" title=\"Leia Mais\">Leia Mais<\/a><\/div>\n","protected":false},"author":1,"featured_media":0,"parent":3721,"menu_order":0,"comment_status":"open","ping_status":"open","template":"","meta":{"footnotes":""},"class_list":["post-3723","page","type-page","status-publish"],"_links":{"self":[{"href":"https:\/\/www.pdi.uema.br\/index.php?rest_route=\/wp\/v2\/pages\/3723","targetHints":{"allow":["GET"]}}],"collection":[{"href":"https:\/\/www.pdi.uema.br\/index.php?rest_route=\/wp\/v2\/pages"}],"about":[{"href":"https:\/\/www.pdi.uema.br\/index.php?rest_route=\/wp\/v2\/types\/page"}],"author":[{"embeddable":true,"href":"https:\/\/www.pdi.uema.br\/index.php?rest_route=\/wp\/v2\/users\/1"}],"replies":[{"embeddable":true,"href":"https:\/\/www.pdi.uema.br\/index.php?rest_route=%2Fwp%2Fv2%2Fcomments&post=3723"}],"version-history":[{"count":8,"href":"https:\/\/www.pdi.uema.br\/index.php?rest_route=\/wp\/v2\/pages\/3723\/revisions"}],"predecessor-version":[{"id":5087,"href":"https:\/\/www.pdi.uema.br\/index.php?rest_route=\/wp\/v2\/pages\/3723\/revisions\/5087"}],"up":[{"embeddable":true,"href":"https:\/\/www.pdi.uema.br\/index.php?rest_route=\/wp\/v2\/pages\/3721"}],"wp:attachment":[{"href":"https:\/\/www.pdi.uema.br\/index.php?rest_route=%2Fwp%2Fv2%2Fmedia&parent=3723"}],"curies":[{"name":"wp","href":"https:\/\/api.w.org\/{rel}","templated":true}]}}