{"id":4167,"date":"2018-07-09T18:02:48","date_gmt":"2018-07-09T18:02:48","guid":{"rendered":"http:\/\/www.pdi.uema.br\/?page_id=4167"},"modified":"2020-06-03T13:20:45","modified_gmt":"2020-06-03T13:20:45","slug":"galeria-de-fotos","status":"publish","type":"page","link":"https:\/\/www.pdi.uema.br\/?page_id=4167","title":{"rendered":"Galeria de Fotos"},"content":{"rendered":"<p><!--\n\n\n<div class=\"panel panel-default\">\n\n\n<div class=\"panel-heading\">Reuni\u00e3o de mobiliza\u00e7\u00e3o PGA 2019 em Caxias com CESC, CESSIT, CESLAP, CESP e CESZD - 09\/07<\/div>\n\n\n\n\n<div class=\"panel-body\"><a href=\"http:\/\/www.pdi.uema.br\/wp-content\/uploads\/2018\/07\/11.jpg\"><img loading=\"lazy\" decoding=\"async\" class=\" size-medium wp-image-4188 alignleft\" src=\"http:\/\/www.pdi.uema.br\/wp-content\/uploads\/2018\/07\/11-300x225.jpg\" alt=\"1\" width=\"300\" height=\"225\" srcset=\"https:\/\/www.pdi.uema.br\/wp-content\/uploads\/2018\/07\/11-300x225.jpg 300w, https:\/\/www.pdi.uema.br\/wp-content\/uploads\/2018\/07\/11-1024x768.jpg 1024w, https:\/\/www.pdi.uema.br\/wp-content\/uploads\/2018\/07\/11-24x18.jpg 24w, https:\/\/www.pdi.uema.br\/wp-content\/uploads\/2018\/07\/11-36x27.jpg 36w, https:\/\/www.pdi.uema.br\/wp-content\/uploads\/2018\/07\/11-48x36.jpg 48w, https:\/\/www.pdi.uema.br\/wp-content\/uploads\/2018\/07\/11.jpg 1032w\" sizes=\"auto, (max-width: 300px) 100vw, 300px\" \/><\/a><a href=\"http:\/\/www.pdi.uema.br\/wp-content\/uploads\/2018\/07\/21.jpg\"><img loading=\"lazy\" decoding=\"async\" class=\" size-medium wp-image-4189 alignleft\" src=\"http:\/\/www.pdi.uema.br\/wp-content\/uploads\/2018\/07\/21-300x225.jpg\" alt=\"2\" width=\"300\" height=\"225\" srcset=\"https:\/\/www.pdi.uema.br\/wp-content\/uploads\/2018\/07\/21-300x225.jpg 300w, https:\/\/www.pdi.uema.br\/wp-content\/uploads\/2018\/07\/21-1024x768.jpg 1024w, https:\/\/www.pdi.uema.br\/wp-content\/uploads\/2018\/07\/21-24x18.jpg 24w, https:\/\/www.pdi.uema.br\/wp-content\/uploads\/2018\/07\/21-36x27.jpg 36w, https:\/\/www.pdi.uema.br\/wp-content\/uploads\/2018\/07\/21-48x36.jpg 48w, https:\/\/www.pdi.uema.br\/wp-content\/uploads\/2018\/07\/21.jpg 1032w\" sizes=\"auto, (max-width: 300px) 100vw, 300px\" \/><\/a><a href=\"http:\/\/www.pdi.uema.br\/wp-content\/uploads\/2018\/07\/31.jpg\"><img loading=\"lazy\" decoding=\"async\" class=\" size-medium wp-image-4190 alignleft\" src=\"http:\/\/www.pdi.uema.br\/wp-content\/uploads\/2018\/07\/31-300x225.jpg\" alt=\"3\" width=\"300\" height=\"225\" srcset=\"https:\/\/www.pdi.uema.br\/wp-content\/uploads\/2018\/07\/31-300x225.jpg 300w, https:\/\/www.pdi.uema.br\/wp-content\/uploads\/2018\/07\/31-1024x768.jpg 1024w, https:\/\/www.pdi.uema.br\/wp-content\/uploads\/2018\/07\/31-24x18.jpg 24w, https:\/\/www.pdi.uema.br\/wp-content\/uploads\/2018\/07\/31-36x27.jpg 36w, https:\/\/www.pdi.uema.br\/wp-content\/uploads\/2018\/07\/31-48x36.jpg 48w, https:\/\/www.pdi.uema.br\/wp-content\/uploads\/2018\/07\/31.jpg 1032w\" sizes=\"auto, (max-width: 300px) 100vw, 300px\" \/><\/a><\/div>\n\n\n<\/div>\n\n\n--><\/p>\n<div class=\"panel panel-default\">\n<div class=\"panel-heading\">Reuni\u00e3o de mobiliza\u00e7\u00e3o PGA 2019 em S\u00e3o Lu\u00eds com CECEN, CCA, CCSA, CCT, CESITA e CESPI &#8211; 03\/07<\/div>\n<div class=\"panel-body\"><a href=\"http:\/\/www.pdi.uema.br\/wp-content\/uploads\/2018\/07\/IMG_9239.jpg\"><img loading=\"lazy\" decoding=\"async\" class=\" size-medium wp-image-4185 alignleft\" src=\"http:\/\/www.pdi.uema.br\/wp-content\/uploads\/2018\/07\/IMG_9239-300x200.jpg\" alt=\"IMG_9239\" width=\"300\" height=\"200\" srcset=\"https:\/\/www.pdi.uema.br\/wp-content\/uploads\/2018\/07\/IMG_9239-300x200.jpg 300w, https:\/\/www.pdi.uema.br\/wp-content\/uploads\/2018\/07\/IMG_9239-1024x683.jpg 1024w, https:\/\/www.pdi.uema.br\/wp-content\/uploads\/2018\/07\/IMG_9239-24x16.jpg 24w, https:\/\/www.pdi.uema.br\/wp-content\/uploads\/2018\/07\/IMG_9239-36x24.jpg 36w, https:\/\/www.pdi.uema.br\/wp-content\/uploads\/2018\/07\/IMG_9239-48x32.jpg 48w\" sizes=\"auto, (max-width: 300px) 100vw, 300px\" \/><\/a><a href=\"http:\/\/www.pdi.uema.br\/wp-content\/uploads\/2018\/07\/IMG_9241.jpg\"><img loading=\"lazy\" decoding=\"async\" class=\" size-medium wp-image-4186 alignleft\" src=\"http:\/\/www.pdi.uema.br\/wp-content\/uploads\/2018\/07\/IMG_9241-300x200.jpg\" alt=\"IMG_9241\" width=\"300\" height=\"200\" srcset=\"https:\/\/www.pdi.uema.br\/wp-content\/uploads\/2018\/07\/IMG_9241-300x200.jpg 300w, https:\/\/www.pdi.uema.br\/wp-content\/uploads\/2018\/07\/IMG_9241-1024x683.jpg 1024w, https:\/\/www.pdi.uema.br\/wp-content\/uploads\/2018\/07\/IMG_9241-24x16.jpg 24w, https:\/\/www.pdi.uema.br\/wp-content\/uploads\/2018\/07\/IMG_9241-36x24.jpg 36w, https:\/\/www.pdi.uema.br\/wp-content\/uploads\/2018\/07\/IMG_9241-48x32.jpg 48w\" sizes=\"auto, (max-width: 300px) 100vw, 300px\" \/><\/a><a href=\"http:\/\/www.pdi.uema.br\/wp-content\/uploads\/2018\/07\/IMG_9244.jpg\"><img loading=\"lazy\" decoding=\"async\" class=\" size-medium wp-image-4187 alignleft\" src=\"http:\/\/www.pdi.uema.br\/wp-content\/uploads\/2018\/07\/IMG_9244-300x200.jpg\" alt=\"IMG_9244\" width=\"300\" height=\"200\" srcset=\"https:\/\/www.pdi.uema.br\/wp-content\/uploads\/2018\/07\/IMG_9244-300x200.jpg 300w, https:\/\/www.pdi.uema.br\/wp-content\/uploads\/2018\/07\/IMG_9244-1024x683.jpg 1024w, https:\/\/www.pdi.uema.br\/wp-content\/uploads\/2018\/07\/IMG_9244-24x16.jpg 24w, https:\/\/www.pdi.uema.br\/wp-content\/uploads\/2018\/07\/IMG_9244-36x24.jpg 36w, https:\/\/www.pdi.uema.br\/wp-content\/uploads\/2018\/07\/IMG_9244-48x32.jpg 48w\" sizes=\"auto, (max-width: 300px) 100vw, 300px\" \/><\/a><\/div>\n<\/div>\n<div class=\"panel panel-default\">\n<div class=\"panel-heading\">IV SIMP\u00d3SIO DE PLANEJAMENTO INSTITUCIONAL<\/div>\n<div class=\"panel-body\"><a href=\"http:\/\/www.pdi.uema.br\/wp-content\/uploads\/2018\/07\/1.jpg\"><img loading=\"lazy\" decoding=\"async\" class=\" size-medium wp-image-4168 alignleft\" src=\"http:\/\/www.pdi.uema.br\/wp-content\/uploads\/2018\/07\/1-300x201.jpg\" alt=\"1\" width=\"300\" height=\"201\" srcset=\"https:\/\/www.pdi.uema.br\/wp-content\/uploads\/2018\/07\/1-300x201.jpg 300w, https:\/\/www.pdi.uema.br\/wp-content\/uploads\/2018\/07\/1-24x16.jpg 24w, https:\/\/www.pdi.uema.br\/wp-content\/uploads\/2018\/07\/1-36x24.jpg 36w, https:\/\/www.pdi.uema.br\/wp-content\/uploads\/2018\/07\/1-48x32.jpg 48w, https:\/\/www.pdi.uema.br\/wp-content\/uploads\/2018\/07\/1.jpg 320w\" sizes=\"auto, (max-width: 300px) 100vw, 300px\" \/><\/a><a href=\"http:\/\/www.pdi.uema.br\/wp-content\/uploads\/2018\/07\/2.jpg\"><img loading=\"lazy\" decoding=\"async\" class=\" size-medium wp-image-4169 alignleft\" src=\"http:\/\/www.pdi.uema.br\/wp-content\/uploads\/2018\/07\/2-300x201.jpg\" alt=\"2\" width=\"300\" height=\"201\" srcset=\"https:\/\/www.pdi.uema.br\/wp-content\/uploads\/2018\/07\/2-300x201.jpg 300w, https:\/\/www.pdi.uema.br\/wp-content\/uploads\/2018\/07\/2-24x16.jpg 24w, https:\/\/www.pdi.uema.br\/wp-content\/uploads\/2018\/07\/2-36x24.jpg 36w, https:\/\/www.pdi.uema.br\/wp-content\/uploads\/2018\/07\/2-48x32.jpg 48w, https:\/\/www.pdi.uema.br\/wp-content\/uploads\/2018\/07\/2.jpg 320w\" sizes=\"auto, (max-width: 300px) 100vw, 300px\" \/><\/a><a href=\"http:\/\/www.pdi.uema.br\/wp-content\/uploads\/2018\/07\/3.jpg\"><img loading=\"lazy\" decoding=\"async\" class=\" size-medium wp-image-4170 alignleft\" src=\"http:\/\/www.pdi.uema.br\/wp-content\/uploads\/2018\/07\/3-300x201.jpg\" alt=\"3\" width=\"300\" height=\"201\" srcset=\"https:\/\/www.pdi.uema.br\/wp-content\/uploads\/2018\/07\/3-300x201.jpg 300w, https:\/\/www.pdi.uema.br\/wp-content\/uploads\/2018\/07\/3-24x16.jpg 24w, https:\/\/www.pdi.uema.br\/wp-content\/uploads\/2018\/07\/3-36x24.jpg 36w, https:\/\/www.pdi.uema.br\/wp-content\/uploads\/2018\/07\/3-48x32.jpg 48w, https:\/\/www.pdi.uema.br\/wp-content\/uploads\/2018\/07\/3.jpg 320w\" sizes=\"auto, (max-width: 300px) 100vw, 300px\" \/><\/a><a href=\"http:\/\/www.pdi.uema.br\/wp-content\/uploads\/2018\/07\/4.jpg\"><img loading=\"lazy\" decoding=\"async\" class=\" size-medium wp-image-4171 alignleft\" src=\"http:\/\/www.pdi.uema.br\/wp-content\/uploads\/2018\/07\/4-300x201.jpg\" alt=\"4\" width=\"300\" height=\"201\" srcset=\"https:\/\/www.pdi.uema.br\/wp-content\/uploads\/2018\/07\/4-300x201.jpg 300w, https:\/\/www.pdi.uema.br\/wp-content\/uploads\/2018\/07\/4-24x16.jpg 24w, https:\/\/www.pdi.uema.br\/wp-content\/uploads\/2018\/07\/4-36x24.jpg 36w, https:\/\/www.pdi.uema.br\/wp-content\/uploads\/2018\/07\/4-48x32.jpg 48w, https:\/\/www.pdi.uema.br\/wp-content\/uploads\/2018\/07\/4.jpg 320w\" sizes=\"auto, (max-width: 300px) 100vw, 300px\" \/><\/a><a href=\"http:\/\/www.pdi.uema.br\/wp-content\/uploads\/2018\/07\/5.jpg\"><img loading=\"lazy\" decoding=\"async\" class=\" size-medium wp-image-4172 alignleft\" src=\"http:\/\/www.pdi.uema.br\/wp-content\/uploads\/2018\/07\/5-300x201.jpg\" alt=\"5\" width=\"300\" height=\"201\" srcset=\"https:\/\/www.pdi.uema.br\/wp-content\/uploads\/2018\/07\/5-300x201.jpg 300w, https:\/\/www.pdi.uema.br\/wp-content\/uploads\/2018\/07\/5-24x16.jpg 24w, https:\/\/www.pdi.uema.br\/wp-content\/uploads\/2018\/07\/5-36x24.jpg 36w, https:\/\/www.pdi.uema.br\/wp-content\/uploads\/2018\/07\/5-48x32.jpg 48w, https:\/\/www.pdi.uema.br\/wp-content\/uploads\/2018\/07\/5.jpg 320w\" sizes=\"auto, (max-width: 300px) 100vw, 300px\" \/><\/a><a href=\"http:\/\/www.pdi.uema.br\/wp-content\/uploads\/2018\/07\/6.jpg\"><img loading=\"lazy\" decoding=\"async\" class=\" size-medium wp-image-4173 alignleft\" src=\"http:\/\/www.pdi.uema.br\/wp-content\/uploads\/2018\/07\/6-300x201.jpg\" alt=\"6\" width=\"300\" height=\"201\" srcset=\"https:\/\/www.pdi.uema.br\/wp-content\/uploads\/2018\/07\/6-300x201.jpg 300w, https:\/\/www.pdi.uema.br\/wp-content\/uploads\/2018\/07\/6-24x16.jpg 24w, https:\/\/www.pdi.uema.br\/wp-content\/uploads\/2018\/07\/6-36x24.jpg 36w, https:\/\/www.pdi.uema.br\/wp-content\/uploads\/2018\/07\/6-48x32.jpg 48w, https:\/\/www.pdi.uema.br\/wp-content\/uploads\/2018\/07\/6.jpg 320w\" sizes=\"auto, (max-width: 300px) 100vw, 300px\" \/><\/a><a href=\"http:\/\/www.pdi.uema.br\/wp-content\/uploads\/2018\/07\/7.jpg\"><img loading=\"lazy\" decoding=\"async\" class=\" size-medium wp-image-4174 alignleft\" src=\"http:\/\/www.pdi.uema.br\/wp-content\/uploads\/2018\/07\/7-300x201.jpg\" alt=\"7\" width=\"300\" height=\"201\" srcset=\"https:\/\/www.pdi.uema.br\/wp-content\/uploads\/2018\/07\/7-300x201.jpg 300w, https:\/\/www.pdi.uema.br\/wp-content\/uploads\/2018\/07\/7-24x16.jpg 24w, https:\/\/www.pdi.uema.br\/wp-content\/uploads\/2018\/07\/7-36x24.jpg 36w, https:\/\/www.pdi.uema.br\/wp-content\/uploads\/2018\/07\/7-48x32.jpg 48w, https:\/\/www.pdi.uema.br\/wp-content\/uploads\/2018\/07\/7.jpg 320w\" sizes=\"auto, (max-width: 300px) 100vw, 300px\" \/><\/a><a href=\"http:\/\/www.pdi.uema.br\/wp-content\/uploads\/2018\/07\/8.jpg\"><img loading=\"lazy\" decoding=\"async\" class=\" size-medium wp-image-4175 alignleft\" src=\"http:\/\/www.pdi.uema.br\/wp-content\/uploads\/2018\/07\/8-300x201.jpg\" alt=\"8\" width=\"300\" height=\"201\" srcset=\"https:\/\/www.pdi.uema.br\/wp-content\/uploads\/2018\/07\/8-300x201.jpg 300w, https:\/\/www.pdi.uema.br\/wp-content\/uploads\/2018\/07\/8-24x16.jpg 24w, https:\/\/www.pdi.uema.br\/wp-content\/uploads\/2018\/07\/8-36x24.jpg 36w, https:\/\/www.pdi.uema.br\/wp-content\/uploads\/2018\/07\/8-48x32.jpg 48w, https:\/\/www.pdi.uema.br\/wp-content\/uploads\/2018\/07\/8.jpg 320w\" sizes=\"auto, (max-width: 300px) 100vw, 300px\" \/><\/a><a href=\"http:\/\/www.pdi.uema.br\/wp-content\/uploads\/2018\/07\/9.jpg\"><img loading=\"lazy\" decoding=\"async\" class=\" size-medium wp-image-4176 alignleft\" src=\"http:\/\/www.pdi.uema.br\/wp-content\/uploads\/2018\/07\/9-300x201.jpg\" alt=\"9\" width=\"300\" height=\"201\" srcset=\"https:\/\/www.pdi.uema.br\/wp-content\/uploads\/2018\/07\/9-300x201.jpg 300w, https:\/\/www.pdi.uema.br\/wp-content\/uploads\/2018\/07\/9-24x16.jpg 24w, https:\/\/www.pdi.uema.br\/wp-content\/uploads\/2018\/07\/9-36x24.jpg 36w, https:\/\/www.pdi.uema.br\/wp-content\/uploads\/2018\/07\/9-48x32.jpg 48w, https:\/\/www.pdi.uema.br\/wp-content\/uploads\/2018\/07\/9.jpg 320w\" sizes=\"auto, (max-width: 300px) 100vw, 300px\" \/><\/a><a href=\"http:\/\/www.pdi.uema.br\/wp-content\/uploads\/2018\/07\/10.jpg\"><img loading=\"lazy\" decoding=\"async\" class=\" size-medium wp-image-4177 alignleft\" src=\"http:\/\/www.pdi.uema.br\/wp-content\/uploads\/2018\/07\/10-300x249.jpg\" alt=\"10\" width=\"300\" height=\"249\" srcset=\"https:\/\/www.pdi.uema.br\/wp-content\/uploads\/2018\/07\/10-300x249.jpg 300w, https:\/\/www.pdi.uema.br\/wp-content\/uploads\/2018\/07\/10.jpg 1024w, https:\/\/www.pdi.uema.br\/wp-content\/uploads\/2018\/07\/10-24x20.jpg 24w, https:\/\/www.pdi.uema.br\/wp-content\/uploads\/2018\/07\/10-36x30.jpg 36w, https:\/\/www.pdi.uema.br\/wp-content\/uploads\/2018\/07\/10-48x40.jpg 48w\" sizes=\"auto, (max-width: 300px) 100vw, 300px\" \/><\/a><\/div>\n<\/div>\n","protected":false},"excerpt":{"rendered":"<p>Reuni\u00e3o de mobiliza\u00e7\u00e3o PGA 2019 em S\u00e3o Lu\u00eds com CECEN, CCA, CCSA, CCT, CESITA e CESPI &#8211; 03\/07 IV SIMP\u00d3SIO DE PLANEJAMENTO INSTITUCIONAL<\/p>\n","protected":false},"author":1,"featured_media":0,"parent":4497,"menu_order":0,"comment_status":"open","ping_status":"closed","template":"","meta":{"footnotes":""},"class_list":["post-4167","page","type-page","status-publish"],"_links":{"self":[{"href":"https:\/\/www.pdi.uema.br\/index.php?rest_route=\/wp\/v2\/pages\/4167","targetHints":{"allow":["GET"]}}],"collection":[{"href":"https:\/\/www.pdi.uema.br\/index.php?rest_route=\/wp\/v2\/pages"}],"about":[{"href":"https:\/\/www.pdi.uema.br\/index.php?rest_route=\/wp\/v2\/types\/page"}],"author":[{"embeddable":true,"href":"https:\/\/www.pdi.uema.br\/index.php?rest_route=\/wp\/v2\/users\/1"}],"replies":[{"embeddable":true,"href":"https:\/\/www.pdi.uema.br\/index.php?rest_route=%2Fwp%2Fv2%2Fcomments&post=4167"}],"version-history":[{"count":10,"href":"https:\/\/www.pdi.uema.br\/index.php?rest_route=\/wp\/v2\/pages\/4167\/revisions"}],"predecessor-version":[{"id":4195,"href":"https:\/\/www.pdi.uema.br\/index.php?rest_route=\/wp\/v2\/pages\/4167\/revisions\/4195"}],"up":[{"embeddable":true,"href":"https:\/\/www.pdi.uema.br\/index.php?rest_route=\/wp\/v2\/pages\/4497"}],"wp:attachment":[{"href":"https:\/\/www.pdi.uema.br\/index.php?rest_route=%2Fwp%2Fv2%2Fmedia&parent=4167"}],"curies":[{"name":"wp","href":"https:\/\/api.w.org\/{rel}","templated":true}]}}