{"id":4413,"date":"2020-06-02T01:07:08","date_gmt":"2020-06-02T01:07:08","guid":{"rendered":"http:\/\/www.pdi.uema.br\/?page_id=4413"},"modified":"2022-03-14T14:22:34","modified_gmt":"2022-03-14T14:22:34","slug":"plano-de-oferta-de-cursos","status":"publish","type":"page","link":"https:\/\/www.pdi.uema.br\/?page_id=4413","title":{"rendered":"Plano de Oferta de Cursos"},"content":{"rendered":"<h3><a href=\"https:\/\/www.pdi.uema.br\/wp-content\/uploads\/2020\/06\/PDI-2021-2025-92-117.pdf\">CLIQUE AQUI PARA ACESSAR O EIXO 4<\/a><\/h3>\n<p>Este eixo tem\u00e1tico apresenta:<\/p>\n<ul>\n<li>1 &#8211; A oferta atual de cursos de <strong>gradua\u00e7\u00e3o<\/strong> e <strong>p\u00f3s-gradua\u00e7\u00e3o<\/strong> stricto sensu existentes na Universidade;<\/li>\n<li>2 &#8211; As proje\u00e7\u00f5es de <strong>vagas<\/strong> para estes cursos existentes;<\/li>\n<li>3 &#8211; Proposta de oferta de novos cursos de gradua\u00e7\u00e3o e p\u00f3s-gradua\u00e7\u00e3o stricto sensu, nos <strong>24 Centros<\/strong> de Ci\u00eancias e de Estudos Superiores existentes na Uema e levando-se em considera\u00e7\u00e3o o horizonte de tempo deste novo <strong>PDI (2021-2025)<\/strong>.<\/li>\n<\/ul>\n<p>&nbsp;<\/p>\n<p><strong>&gt; Obs.:<\/strong> \u00c9 importante salientar que a estrutura descrita neste eixo tem\u00e1tico \u00e9 <strong>preliminar.<\/strong> Ela serve, apenas, como ponto de partida e<strong> pode ser modificada<\/strong> ao longo do processo em raz\u00e3o da defini\u00e7\u00e3o das diretrizes estrat\u00e9gicas, do trabalho das comiss\u00f5es executivas e tem\u00e1ticas, bem como das intera\u00e7\u00f5es com a comunidade interna e externa, garantindo, assim, uma ampla e efetiva constru\u00e7\u00e3o coletiva do novo PDI (2021-2025).<\/p>\n","protected":false},"excerpt":{"rendered":"<p>CLIQUE AQUI PARA ACESSAR O EIXO 4 Este eixo tem\u00e1tico apresenta: 1 &#8211; A oferta atual de cursos de gradua\u00e7\u00e3o e p\u00f3s-gradua\u00e7\u00e3o stricto sensu existentes na Universidade; 2 &#8211; As proje\u00e7\u00f5es de vagas para estes cursos existentes; 3 &#8211; Proposta de oferta de novos cursos de gradua\u00e7\u00e3o e p\u00f3s-gradua\u00e7\u00e3o stricto sensu, nos 24 Centros de<\/p>\n<div class=\"read-more\"><a href=\"https:\/\/www.pdi.uema.br\/?page_id=4413\" title=\"Leia Mais\">Leia Mais<\/a><\/div>\n","protected":false},"author":1,"featured_media":0,"parent":4395,"menu_order":0,"comment_status":"open","ping_status":"open","template":"","meta":{"footnotes":""},"class_list":["post-4413","page","type-page","status-publish"],"_links":{"self":[{"href":"https:\/\/www.pdi.uema.br\/index.php?rest_route=\/wp\/v2\/pages\/4413","targetHints":{"allow":["GET"]}}],"collection":[{"href":"https:\/\/www.pdi.uema.br\/index.php?rest_route=\/wp\/v2\/pages"}],"about":[{"href":"https:\/\/www.pdi.uema.br\/index.php?rest_route=\/wp\/v2\/types\/page"}],"author":[{"embeddable":true,"href":"https:\/\/www.pdi.uema.br\/index.php?rest_route=\/wp\/v2\/users\/1"}],"replies":[{"embeddable":true,"href":"https:\/\/www.pdi.uema.br\/index.php?rest_route=%2Fwp%2Fv2%2Fcomments&post=4413"}],"version-history":[{"count":10,"href":"https:\/\/www.pdi.uema.br\/index.php?rest_route=\/wp\/v2\/pages\/4413\/revisions"}],"predecessor-version":[{"id":5063,"href":"https:\/\/www.pdi.uema.br\/index.php?rest_route=\/wp\/v2\/pages\/4413\/revisions\/5063"}],"up":[{"embeddable":true,"href":"https:\/\/www.pdi.uema.br\/index.php?rest_route=\/wp\/v2\/pages\/4395"}],"wp:attachment":[{"href":"https:\/\/www.pdi.uema.br\/index.php?rest_route=%2Fwp%2Fv2%2Fmedia&parent=4413"}],"curies":[{"name":"wp","href":"https:\/\/api.w.org\/{rel}","templated":true}]}}