{"id":4417,"date":"2020-06-02T01:07:36","date_gmt":"2020-06-02T01:07:36","guid":{"rendered":"http:\/\/www.pdi.uema.br\/?page_id=4417"},"modified":"2022-03-14T14:24:31","modified_gmt":"2022-03-14T14:24:31","slug":"organizacao-administrativa","status":"publish","type":"page","link":"https:\/\/www.pdi.uema.br\/?page_id=4417","title":{"rendered":"Organiza\u00e7\u00e3o Administrativa"},"content":{"rendered":"<h3><a href=\"https:\/\/www.pdi.uema.br\/wp-content\/uploads\/2020\/06\/PDI-2021-2025-146-201.pdf\">CLIQUE AQUI PARA ACESSAR O EIXO 6<\/a><\/h3>\n<p>Este eixo tem\u00e1tico apresenta elementos referentes \u00e0 <strong>organiza\u00e7\u00e3o administrativa<\/strong> da Universidade, como: estrutura organizacional; inst\u00e2ncias de decis\u00e3o; propostas para uma nova estrutura e para inst\u00e2ncias de decis\u00e3o; autonomia da Universidade em rela\u00e7\u00e3o \u00e0 mantenedora; descri\u00e7\u00e3o do quadro atual; metas e perspectivas; e pol\u00edtica de comunica\u00e7\u00e3o.<\/p>\n<p><strong>&gt; Obs.:<\/strong>\u00a0\u00c9 importante salientar que a estrutura descrita neste eixo tem\u00e1tico \u00e9\u00a0<strong>preliminar.<\/strong>\u00a0Ela serve, apenas, como ponto de partida e<strong>\u00a0pode ser modificada<\/strong>\u00a0ao longo do processo em raz\u00e3o da defini\u00e7\u00e3o das diretrizes estrat\u00e9gicas, do trabalho das comiss\u00f5es executivas e tem\u00e1ticas, bem como das intera\u00e7\u00f5es com a comunidade interna e externa, garantindo, assim, uma ampla e efetiva constru\u00e7\u00e3o coletiva do novo PDI (2021-2025).<\/p>\n","protected":false},"excerpt":{"rendered":"<p>CLIQUE AQUI PARA ACESSAR O EIXO 6 Este eixo tem\u00e1tico apresenta elementos referentes \u00e0 organiza\u00e7\u00e3o administrativa da Universidade, como: estrutura organizacional; inst\u00e2ncias de decis\u00e3o; propostas para uma nova estrutura e para inst\u00e2ncias de decis\u00e3o; autonomia da Universidade em rela\u00e7\u00e3o \u00e0 mantenedora; descri\u00e7\u00e3o do quadro atual; metas e perspectivas; e pol\u00edtica de comunica\u00e7\u00e3o. &gt; Obs.:\u00a0\u00c9 importante<\/p>\n<div class=\"read-more\"><a href=\"https:\/\/www.pdi.uema.br\/?page_id=4417\" title=\"Leia Mais\">Leia Mais<\/a><\/div>\n","protected":false},"author":1,"featured_media":0,"parent":4395,"menu_order":0,"comment_status":"open","ping_status":"open","template":"","meta":{"footnotes":""},"class_list":["post-4417","page","type-page","status-publish"],"_links":{"self":[{"href":"https:\/\/www.pdi.uema.br\/index.php?rest_route=\/wp\/v2\/pages\/4417","targetHints":{"allow":["GET"]}}],"collection":[{"href":"https:\/\/www.pdi.uema.br\/index.php?rest_route=\/wp\/v2\/pages"}],"about":[{"href":"https:\/\/www.pdi.uema.br\/index.php?rest_route=\/wp\/v2\/types\/page"}],"author":[{"embeddable":true,"href":"https:\/\/www.pdi.uema.br\/index.php?rest_route=\/wp\/v2\/users\/1"}],"replies":[{"embeddable":true,"href":"https:\/\/www.pdi.uema.br\/index.php?rest_route=%2Fwp%2Fv2%2Fcomments&post=4417"}],"version-history":[{"count":4,"href":"https:\/\/www.pdi.uema.br\/index.php?rest_route=\/wp\/v2\/pages\/4417\/revisions"}],"predecessor-version":[{"id":5069,"href":"https:\/\/www.pdi.uema.br\/index.php?rest_route=\/wp\/v2\/pages\/4417\/revisions\/5069"}],"up":[{"embeddable":true,"href":"https:\/\/www.pdi.uema.br\/index.php?rest_route=\/wp\/v2\/pages\/4395"}],"wp:attachment":[{"href":"https:\/\/www.pdi.uema.br\/index.php?rest_route=%2Fwp%2Fv2%2Fmedia&parent=4417"}],"curies":[{"name":"wp","href":"https:\/\/api.w.org\/{rel}","templated":true}]}}