{"id":4431,"date":"2020-06-02T01:09:56","date_gmt":"2020-06-02T01:09:56","guid":{"rendered":"http:\/\/www.pdi.uema.br\/?page_id=4431"},"modified":"2020-07-15T14:07:58","modified_gmt":"2020-07-15T14:07:58","slug":"decretos","status":"publish","type":"page","link":"https:\/\/www.pdi.uema.br\/?page_id=4431","title":{"rendered":"Decretos"},"content":{"rendered":"<ul>\n<li><strong>1 &#8211;\u00a0DECRETO N\u00ba 9.235, DE 15 DE DEZEMBRO DE 2017 &#8211;\u00a0<\/strong>Disp\u00f5e sobre o exerc\u00edcio das fun\u00e7\u00f5es de regula\u00e7\u00e3o, supervis\u00e3o e avalia\u00e7\u00e3o das institui\u00e7\u00f5es de educa\u00e7\u00e3o superior e dos cursos superiores de gradua\u00e7\u00e3o e de p\u00f3s-gradua\u00e7\u00e3o no sistema federal de ensino.<\/li>\n<li>&gt;\u00a0<a href=\"http:\/\/www.pdi.uema.br\/wp-content\/uploads\/2015\/04\/DECRETO-N\u00ba-9.235-DE-15-DE-DEZEMBRO-DE-2017.pdf\">VISUALIZE AQUI<\/a><\/li>\n<\/ul>\n<p>&nbsp;<\/p>\n<ul>\n<li><strong>2 &#8211;\u00a0DECRETO N\u00ba 9.057, DE 25 DE MAIO DE 2017 &#8211;\u00a0<\/strong>Regulamenta o Art. 80 da Lei n\u00ba 9.394, de 20 de dezembro de 1996, que estabelece as diretrizes e bases da educa\u00e7\u00e3o nacional.<\/li>\n<li>&gt;\u00a0<a href=\"http:\/\/www.pdi.uema.br\/wp-content\/uploads\/2020\/06\/DECRETO-N\u00ba-9.057-DE-25-DE-MAIO-DE-2017.pdf\">VISUALIZE AQUI<\/a><\/li>\n<\/ul>\n","protected":false},"excerpt":{"rendered":"<p>1 &#8211;\u00a0DECRETO N\u00ba 9.235, DE 15 DE DEZEMBRO DE 2017 &#8211;\u00a0Disp\u00f5e sobre o exerc\u00edcio das fun\u00e7\u00f5es de regula\u00e7\u00e3o, supervis\u00e3o e avalia\u00e7\u00e3o das institui\u00e7\u00f5es de educa\u00e7\u00e3o superior e dos cursos superiores de gradua\u00e7\u00e3o e de p\u00f3s-gradua\u00e7\u00e3o no sistema federal de ensino. &gt;\u00a0VISUALIZE AQUI &nbsp; 2 &#8211;\u00a0DECRETO N\u00ba 9.057, DE 25 DE MAIO DE 2017 &#8211;\u00a0Regulamenta o<\/p>\n<div class=\"read-more\"><a href=\"https:\/\/www.pdi.uema.br\/?page_id=4431\" title=\"Leia Mais\">Leia Mais<\/a><\/div>\n","protected":false},"author":1,"featured_media":0,"parent":4395,"menu_order":0,"comment_status":"open","ping_status":"open","template":"","meta":{"footnotes":""},"class_list":["post-4431","page","type-page","status-publish"],"_links":{"self":[{"href":"https:\/\/www.pdi.uema.br\/index.php?rest_route=\/wp\/v2\/pages\/4431","targetHints":{"allow":["GET"]}}],"collection":[{"href":"https:\/\/www.pdi.uema.br\/index.php?rest_route=\/wp\/v2\/pages"}],"about":[{"href":"https:\/\/www.pdi.uema.br\/index.php?rest_route=\/wp\/v2\/types\/page"}],"author":[{"embeddable":true,"href":"https:\/\/www.pdi.uema.br\/index.php?rest_route=\/wp\/v2\/users\/1"}],"replies":[{"embeddable":true,"href":"https:\/\/www.pdi.uema.br\/index.php?rest_route=%2Fwp%2Fv2%2Fcomments&post=4431"}],"version-history":[{"count":3,"href":"https:\/\/www.pdi.uema.br\/index.php?rest_route=\/wp\/v2\/pages\/4431\/revisions"}],"predecessor-version":[{"id":4744,"href":"https:\/\/www.pdi.uema.br\/index.php?rest_route=\/wp\/v2\/pages\/4431\/revisions\/4744"}],"up":[{"embeddable":true,"href":"https:\/\/www.pdi.uema.br\/index.php?rest_route=\/wp\/v2\/pages\/4395"}],"wp:attachment":[{"href":"https:\/\/www.pdi.uema.br\/index.php?rest_route=%2Fwp%2Fv2%2Fmedia&parent=4431"}],"curies":[{"name":"wp","href":"https:\/\/api.w.org\/{rel}","templated":true}]}}