{"id":4497,"date":"2020-06-03T13:04:32","date_gmt":"2020-06-03T13:04:32","guid":{"rendered":"http:\/\/www.pdi.uema.br\/?page_id=4497"},"modified":"2020-06-04T17:26:38","modified_gmt":"2020-06-04T17:26:38","slug":"2016-2020","status":"publish","type":"page","link":"https:\/\/www.pdi.uema.br\/?page_id=4497","title":{"rendered":"2016-2020"},"content":{"rendered":"<p>O Plano de Desenvolvimento Institucional (PDI) da Universidade Estadual do Maranh\u00e3o que ora apresentamos \u00e0 comunidade acad\u00eamica e \u00e0 sociedade \u00e9 o instrumento de planejamento e gest\u00e3o que nortear\u00e1 as a\u00e7\u00f5es da Institui\u00e7\u00e3o para os pr\u00f3ximos cinco anos, compreendendo o per\u00edodo de 2016 a 2020.<\/p>\n<p>O documento organizado pela Pr\u00f3-Reitoria de Planejamento \u00e9 resultado direto do esfor\u00e7o integrado dos diversos segmentos que comp\u00f5em a Uema, refletindo a capacidade cr\u00edtica da comunidade acad\u00eamica para a evolu\u00e7\u00e3o do conjunto institucional. O PDI foi concebido coletivamente com a participa\u00e7\u00e3o da comunidade acad\u00eamica e da sociedade. O seu processo de formula\u00e7\u00e3o obedeceu rigorosamente aos princ\u00edpios da abertura e da democracia, tendo sido constru\u00eddo com amplo e irrestrito envolvimento por todos que fazem desejaram contribuir com os novos rumos da Universidade.<\/p>\n<p>Trata-se do mais importante instrumento de planejamento acad\u00eamico e administrativo para o reposicionamento e avan\u00e7o da Universidade em rela\u00e7\u00e3o aos seus objetivos. O PDI expressa em detalhes o sentimento e o caminho que se pretende trilhar na busca de uma Uema cada vez melhor. N\u00e3o se trata de um documento est\u00e1tico, as atualiza\u00e7\u00f5es e contribui\u00e7\u00f5es ser\u00e3o sempre bem-vindas no decorrer da sua execu\u00e7\u00e3o, visando a melhoria do seu conte\u00fado e redirecionamento de a\u00e7\u00f5es, quando necess\u00e1rio.<\/p>\n<p>O PDI identifica a Institui\u00e7\u00e3o, no que diz respeito \u00e0 miss\u00e3o a que se prop\u00f5e, \u00e0 sua filosofia de trabalho, \u00e0s bases pedag\u00f3gicas que orientam suas a\u00e7\u00f5es, \u00e0 sua estrutura organizacional e \u00e0s atividades acad\u00eamicas que desenvolve ou que pretende desenvolver. Nele s\u00e3o apresentadas as diretrizes para as atividades-fim (o ensino, a pesquisa e a extens\u00e3o), as atividades-meio (as pessoas, os recursos materiais, a moderniza\u00e7\u00e3o administrativa e as rela\u00e7\u00f5es interinstitucionais), assim como os requisitos indispens\u00e1veis para atingir tais diretrizes e cumprimento da miss\u00e3o.<\/p>\n<p>Os compromissos e decis\u00f5es impressas nesse Plano de Desenvolvimento Institucional passam a partir de agora a nortear e inspirar o melhor das nossas compet\u00eancias. Sigamos todos juntos e comissionados para \u201cproduzir e difundir conhecimento orientado para a cidadania e forma\u00e7\u00e3o profissional, por meio do ensino, pesquisa e extens\u00e3o, priorizando o desenvolvimento do Maranh\u00e3o\u201d. Haveremos de \u201cser uma institui\u00e7\u00e3o de refer\u00eancia na forma\u00e7\u00e3o acad\u00eamica, na produ\u00e7\u00e3o de ci\u00eancia, tecnologia e inova\u00e7\u00e3o, integrada com a sociedade e transformadora dos contextos em que se insere\u201d.<\/p>\n<p><a class=\"btn btn-success text-white\" href=\"http:\/\/www.uema.br\/paginterna\/PDI-VERSAO-12-6-2017.pdf\" target=\"_blank\"><i class=\"fa fa-download\"><\/i> Clique aqui e acesse o documento<\/a><\/p>\n<p>&nbsp;<\/p>\n","protected":false},"excerpt":{"rendered":"<p>O Plano de Desenvolvimento Institucional (PDI) da Universidade Estadual do Maranh\u00e3o que ora apresentamos \u00e0 comunidade acad\u00eamica e \u00e0 sociedade \u00e9 o instrumento de planejamento e gest\u00e3o que nortear\u00e1 as a\u00e7\u00f5es da Institui\u00e7\u00e3o para os pr\u00f3ximos cinco anos, compreendendo o per\u00edodo de 2016 a 2020. O documento organizado pela Pr\u00f3-Reitoria de Planejamento \u00e9 resultado direto<\/p>\n<div class=\"read-more\"><a href=\"https:\/\/www.pdi.uema.br\/?page_id=4497\" title=\"Leia Mais\">Leia Mais<\/a><\/div>\n","protected":false},"author":1,"featured_media":0,"parent":0,"menu_order":0,"comment_status":"open","ping_status":"open","template":"","meta":{"footnotes":""},"class_list":["post-4497","page","type-page","status-publish"],"_links":{"self":[{"href":"https:\/\/www.pdi.uema.br\/index.php?rest_route=\/wp\/v2\/pages\/4497","targetHints":{"allow":["GET"]}}],"collection":[{"href":"https:\/\/www.pdi.uema.br\/index.php?rest_route=\/wp\/v2\/pages"}],"about":[{"href":"https:\/\/www.pdi.uema.br\/index.php?rest_route=\/wp\/v2\/types\/page"}],"author":[{"embeddable":true,"href":"https:\/\/www.pdi.uema.br\/index.php?rest_route=\/wp\/v2\/users\/1"}],"replies":[{"embeddable":true,"href":"https:\/\/www.pdi.uema.br\/index.php?rest_route=%2Fwp%2Fv2%2Fcomments&post=4497"}],"version-history":[{"count":4,"href":"https:\/\/www.pdi.uema.br\/index.php?rest_route=\/wp\/v2\/pages\/4497\/revisions"}],"predecessor-version":[{"id":4569,"href":"https:\/\/www.pdi.uema.br\/index.php?rest_route=\/wp\/v2\/pages\/4497\/revisions\/4569"}],"wp:attachment":[{"href":"https:\/\/www.pdi.uema.br\/index.php?rest_route=%2Fwp%2Fv2%2Fmedia&parent=4497"}],"curies":[{"name":"wp","href":"https:\/\/api.w.org\/{rel}","templated":true}]}}