{"id":5034,"date":"2022-03-11T14:50:09","date_gmt":"2022-03-11T14:50:09","guid":{"rendered":"https:\/\/www.pdi.uema.br\/?page_id=5034"},"modified":"2023-12-22T22:54:25","modified_gmt":"2023-12-22T22:54:25","slug":"temporada-de-planejamento-2","status":"publish","type":"page","link":"https:\/\/www.pdi.uema.br\/?page_id=5034","title":{"rendered":"Temporada de Planejamento"},"content":{"rendered":"<p>A Universidade Estadual do Maranh\u00e3o (UEMA) torna p\u00fablico o Relat\u00f3rio do Plano de Gest\u00e3o Anual (PGA) referente \u00e0 temporada de planejamento 2023.<\/p>\n<p><a href=\"https:\/\/www.pdi.uema.br\/wp-content\/uploads\/2022\/03\/RELAT\u00d3RIO-PGA-2023.pdf\">CLIQUE AQUI PARA ACESSAR!<\/a><\/p>\n<p>O PGA \u00e9 o principal instrumento de execu\u00e7\u00e3o anual das diretrizes estabelecidas no Plano de Desenvolvimento Institucional (PDI) pelas unidades estrat\u00e9gicas e t\u00e1ticas da Uema. Desempenhando um papel fundamental, o PGA incorpora as diretrizes do PDI, os resultados da Avalia\u00e7\u00e3o da Gradua\u00e7\u00e3o (AVALGRAD), a Autoavalia\u00e7\u00e3o Institucional da Comiss\u00e3o Pr\u00f3pria de Avalia\u00e7\u00e3o, as avalia\u00e7\u00f5es do Conselho Estadual de Educa\u00e7\u00e3o (CEE) e do Minist\u00e9rio da Educa\u00e7\u00e3o (MEC), bem como outras avalia\u00e7\u00f5es externas.<\/p>\n<div><\/div>\n<div>Sua principal finalidade \u00e9 proporcionar uma an\u00e1lise das potencialidades e fragilidades institucionais, que ser\u00e3o utilizadas para a elabora\u00e7\u00e3o de planos e tomada de decis\u00f5es que busquem solu\u00e7\u00f5es para a melhoria cont\u00ednua da qualidade do ensino, pesquisa, extens\u00e3o e gest\u00e3o no \u00e2mbito acad\u00eamico. Al\u00e9m disso, o PGA tamb\u00e9m visa fortalecer o compromisso social da institui\u00e7\u00e3o como uma universidade p\u00fablica e gratuita, pautada por seus objetivos e valores.<\/div>\n<div><\/div>\n<div>O Plano abrange diferentes macro categorias or\u00e7ament\u00e1rias que devem ser consideradas durante o planejamento. Na categoria acad\u00eamica, est\u00e3o inclusos itens como bolsas e aux\u00edlios, concursos para docentes, di\u00e1rias e passagens, eventos, MINTER e DINTER, novos cursos de gradua\u00e7\u00e3o, projetos de ensino, projetos de extens\u00e3o, projetos de gest\u00e3o, projetos de pesquisa e p\u00f3s-gradua\u00e7\u00e3o, seletivos para docentes e servidor t\u00e9cnico-administrativo. J\u00e1 na categoria de investimentos, as a\u00e7\u00f5es podem concentrar-se em subcategorias como: acervo bibliogr\u00e1fico, equipamentos para laborat\u00f3rios, materiais de consumo, materiais permanentes, obras e manuten\u00e7\u00f5es.<\/div>\n<div><\/div>\n<div>\n<div>Os membros da comunidade acad\u00eamica e administrativa da Uema que t\u00eam permiss\u00e3o para submeter propostas s\u00e3o: gestor(a) da unidade, servidor(a) respons\u00e1vel pela unidade, pr\u00f3-reitor(a), coordenador(a) e superintendente. Para submeter as propostas, basta acessar o link enviado por Comunica\u00e7\u00e3o Interna para sua unidade e preencher o formul\u00e1rio disponibilizado.<\/div>\n<div><\/div>\n<div>\u00c9 essencial que todos os membros da comunidade acad\u00eamica participem ativamente desse processo, contribuindo com suas ideias e propostas para impulsionar a Uema em dire\u00e7\u00e3o \u00e0 excel\u00eancia educacional e ao alcance de seus objetivos institucionais.<\/div>\n<p>Com a colabora\u00e7\u00e3o de todos, a Universidade Estadual do Maranh\u00e3o continuar\u00e1 a desempenhar um papel fundamental no desenvolvimento educacional e social do estado, oferecendo um ensino de qualidade e promovendo a pesquisa, a extens\u00e3o e a gest\u00e3o eficiente em benef\u00edcio de sua comunidade acad\u00eamica e da sociedade como um todo.<\/p>\n<\/div>\n","protected":false},"excerpt":{"rendered":"<p>A Universidade Estadual do Maranh\u00e3o (UEMA) torna p\u00fablico o Relat\u00f3rio do Plano de Gest\u00e3o Anual (PGA) referente \u00e0 temporada de planejamento 2023. CLIQUE AQUI PARA ACESSAR! O PGA \u00e9 o principal instrumento de execu\u00e7\u00e3o anual das diretrizes estabelecidas no Plano de Desenvolvimento Institucional (PDI) pelas unidades estrat\u00e9gicas e t\u00e1ticas da Uema. Desempenhando um papel fundamental,<\/p>\n<div class=\"read-more\"><a href=\"https:\/\/www.pdi.uema.br\/?page_id=5034\" title=\"Leia Mais\">Leia Mais<\/a><\/div>\n","protected":false},"author":1,"featured_media":0,"parent":0,"menu_order":0,"comment_status":"open","ping_status":"open","template":"","meta":{"footnotes":""},"class_list":["post-5034","page","type-page","status-publish"],"_links":{"self":[{"href":"https:\/\/www.pdi.uema.br\/index.php?rest_route=\/wp\/v2\/pages\/5034","targetHints":{"allow":["GET"]}}],"collection":[{"href":"https:\/\/www.pdi.uema.br\/index.php?rest_route=\/wp\/v2\/pages"}],"about":[{"href":"https:\/\/www.pdi.uema.br\/index.php?rest_route=\/wp\/v2\/types\/page"}],"author":[{"embeddable":true,"href":"https:\/\/www.pdi.uema.br\/index.php?rest_route=\/wp\/v2\/users\/1"}],"replies":[{"embeddable":true,"href":"https:\/\/www.pdi.uema.br\/index.php?rest_route=%2Fwp%2Fv2%2Fcomments&post=5034"}],"version-history":[{"count":4,"href":"https:\/\/www.pdi.uema.br\/index.php?rest_route=\/wp\/v2\/pages\/5034\/revisions"}],"predecessor-version":[{"id":7067,"href":"https:\/\/www.pdi.uema.br\/index.php?rest_route=\/wp\/v2\/pages\/5034\/revisions\/7067"}],"wp:attachment":[{"href":"https:\/\/www.pdi.uema.br\/index.php?rest_route=%2Fwp%2Fv2%2Fmedia&parent=5034"}],"curies":[{"name":"wp","href":"https:\/\/api.w.org\/{rel}","templated":true}]}}